

{"id":149,"date":"2019-03-24T12:48:47","date_gmt":"2019-03-24T11:48:47","guid":{"rendered":"https:\/\/dornisoft.es\/dorniblog\/?page_id=149"},"modified":"2025-11-08T12:45:58","modified_gmt":"2025-11-08T11:45:58","slug":"servicios","status":"publish","type":"page","link":"https:\/\/dornisoft.es\/dorniblog\/servicios\/","title":{"rendered":"Servicios"},"content":{"rendered":"\n<p>DorniSoft cuenta actualmente con servicios de inform\u00e1tica y telecomunicaciones, tales como gesti\u00f3n de redes, programaci\u00f3n de aplicaciones web, administraci\u00f3n de servidores web, configuraci\u00f3n de equipos, digitalizacion de documentos y conversi\u00f3n de formatos de archivos.<\/p>\n\n\n\n<p>Damos respuesta a las necesidades de gesti\u00f3n, optimizaci\u00f3n y control.<\/p>\n\n\n\n<p>Tenemos las soluciones para los retos actuales,  Mediante una constante evoluci\u00f3n de nuestras soluciones inform\u00e1ticas.<\/p>\n\n\n\n<p>Para trabajar con nosotros sigue el siguiente enlace:<br><a href=\"https:\/\/dornisoft.es\/dorniblog\/index.php\/contratar\">https:\/\/dornisoft.es\/dorniblog\/contratar<\/a><br><\/p>\n\n\n\n<p><br> <\/p>\n\n\n\n<p><\/p>\n","protected":false},"excerpt":{"rendered":"<p>DorniSoft cuenta actualmente con servicios de inform\u00e1tica y telecomunicaciones, tales como gesti\u00f3n de redes, programaci\u00f3n de aplicaciones web, administraci\u00f3n de servidores web, configuraci\u00f3n de equipos, digitalizacion de documentos y conversi\u00f3n de formatos de archivos. Damos respuesta a las necesidades de gesti\u00f3n, optimizaci\u00f3n y control. Tenemos las soluciones para los retos actuales, Mediante una constante evoluci\u00f3n &hellip; <a href=\"https:\/\/dornisoft.es\/dorniblog\/servicios\/\" class=\"more-link\">Continuar leyendo<span class=\"screen-reader-text\"> \u00abServicios\u00bb<\/span><\/a><\/p>\n","protected":false},"author":1,"featured_media":0,"parent":0,"menu_order":0,"comment_status":"closed","ping_status":"closed","template":"","meta":{"footnotes":""},"class_list":["post-149","page","type-page","status-publish","hentry"],"_links":{"self":[{"href":"https:\/\/dornisoft.es\/dorniblog\/wp-json\/wp\/v2\/pages\/149","targetHints":{"allow":["GET"]}}],"collection":[{"href":"https:\/\/dornisoft.es\/dorniblog\/wp-json\/wp\/v2\/pages"}],"about":[{"href":"https:\/\/dornisoft.es\/dorniblog\/wp-json\/wp\/v2\/types\/page"}],"author":[{"embeddable":true,"href":"https:\/\/dornisoft.es\/dorniblog\/wp-json\/wp\/v2\/users\/1"}],"replies":[{"embeddable":true,"href":"https:\/\/dornisoft.es\/dorniblog\/wp-json\/wp\/v2\/comments?post=149"}],"version-history":[{"count":5,"href":"https:\/\/dornisoft.es\/dorniblog\/wp-json\/wp\/v2\/pages\/149\/revisions"}],"predecessor-version":[{"id":2738,"href":"https:\/\/dornisoft.es\/dorniblog\/wp-json\/wp\/v2\/pages\/149\/revisions\/2738"}],"wp:attachment":[{"href":"https:\/\/dornisoft.es\/dorniblog\/wp-json\/wp\/v2\/media?parent=149"}],"curies":[{"name":"wp","href":"https:\/\/api.w.org\/{rel}","templated":true}]}}